{"id":15,"date":"2019-11-18T20:32:40","date_gmt":"2019-11-18T23:32:40","guid":{"rendered":"http:\/\/ondawebhost3.com.br\/fetag\/?page_id=15"},"modified":"2023-04-13T10:24:48","modified_gmt":"2023-04-13T13:24:48","slug":"sobre","status":"publish","type":"page","link":"https:\/\/www.fetagrs.org.br\/?page_id=15","title":{"rendered":"Sobre"},"content":{"rendered":"<h1><span style=\"font-family: arial, helvetica, sans-serif; font-size: 16px;\"><strong>Federa\u00e7\u00e3o dos Trabalhadores na Agricultura no Rio Grande do Sul \u2013 FETAG-RS<\/strong><\/span><\/h1>\n<p align=\"justify\"><span style=\"font-size: 12pt; font-family: arial, helvetica, sans-serif;\">A FETAG-RS fundada em 06 de outubro de 1963 traz em sua hist\u00f3ria uma bagagem de lutas e conquistas em prol da agricultura e pecu\u00e1ria familiar. A Frente Agr\u00e1ria Ga\u00facha \u2013 FAG que iniciou a mobiliza\u00e7\u00e3o de agricultores para a forma\u00e7\u00e3o de entidades de representa\u00e7\u00e3o no Estado, foi a propulsora para a cria\u00e7\u00e3o da Federa\u00e7\u00e3o.<\/span><\/p>\n<p align=\"justify\"><span style=\"font-size: 12pt; font-family: arial, helvetica, sans-serif;\">A Federa\u00e7\u00e3o entidade sindical de segundo grau foi criada para defender os agricultores familiares, ao longo de sua hist\u00f3ria reuniu tamb\u00e9m em sua representa\u00e7\u00e3o os pecuaristas familiares. Estas categorias em trabalho conjunto com os Sindicatos de Trabalhadores Rurais, a FETAG-RS e a Confedera\u00e7\u00e3o Nacional dos Trabalhadores na Agricultura \u2013 CONTAG, levantaram bandeiras de lutas essenciais para o desenvolvimento do meio rural, a cria\u00e7\u00e3o de pol\u00edticas p\u00fablicas de sustentabilidade e benef\u00edcios que garantiram a perman\u00eancia das fam\u00edlias no campo.<\/span><\/p>\n<p align=\"justify\"><span style=\"font-size: 12pt; font-family: arial, helvetica, sans-serif;\">Uma caminhada que colheu e colhe bons frutos. Atualmente a FETAG-RS est\u00e1 localizada em Porto Alegre\/RS e t\u00eam em seu quadro social 315 Sindicatos dos Trabalhadores Rurais filiados, com suas extens\u00f5es de base chega a cerca de 450 munic\u00edpios de abrang\u00eancia com atua\u00e7\u00e3o do Movimento Sindical, estes divididos em 23 Regionais Sindicais, sendo aproximadamente 200 mil associados(as).<\/span><\/p>\n<p align=\"justify\"><span style=\"font-size: 12pt; font-family: arial, helvetica, sans-serif;\">A FETAG-RS conquistou o reconhecimento da sociedade estadual e nacional frente as batalhas que travou para defender a categoria. Foram muitas as bandeiras de luta conquistadas, entre elas a garantia de acesso aos benef\u00edcios previdenci\u00e1rios (aposentadoria, aux\u00edlio-doen\u00e7a, aux\u00edlio-maternidade, entre outros); a cria\u00e7\u00e3o do Programa Nacional de Fortalecimento da Agricultura Familiar \u2013 PRONAF, do Programa de Aquisi\u00e7\u00e3o de Alimentos \u2013 PAA e o Programa Nacional de Cr\u00e9dito Fundi\u00e1rio \u2013 PNCF, al\u00e9m de garantir cr\u00e9dito para a juventude rural, projetos de habita\u00e7\u00e3o rural atrav\u00e9s da Cooperativa Habitacional da Agricultura Familiar \u2013 COOHAF, altera\u00e7\u00f5es na legisla\u00e7\u00e3o ambiental, entre outros.<\/span><\/p>\n<p style=\"text-align: center;\" align=\"justify\"><span style=\"font-family: arial, helvetica, sans-serif; font-size: 12pt;\"><strong>Miss\u00e3o da FETAG-RS<\/strong><\/span><\/p>\n<p style=\"text-align: center;\" align=\"justify\"><span style=\"font-family: arial, helvetica, sans-serif; font-size: 12pt;\"><em>\u201cCoordenar e mobilizar a categoria dos trabalhadores rurais, a partir dos problemas sentidos e vividos, centrando a a\u00e7\u00e3o na constru\u00e7\u00e3o de um modelo alternativo de desenvolvimento, tendo presente a organiza\u00e7\u00e3o e o crescimento da consci\u00eancia de classe, cujo objetivo \u00e9 uma sociedade mais justa e igualit\u00e1ria\u201d<\/em><\/span><\/p>\n<p align=\"left\">\n","protected":false},"excerpt":{"rendered":"<p>Federa\u00e7\u00e3o dos Trabalhadores na Agricultura no Rio Grande do Sul \u2013 FETAG-RS A FETAG-RS fundada em 06 de outubro de 1963 traz em sua hist\u00f3ria uma bagagem de lutas e conquistas em prol da agricultura e pecu\u00e1ria familiar. A Frente Agr\u00e1ria Ga\u00facha \u2013 FAG que iniciou a mobiliza\u00e7\u00e3o de agricultores para a forma\u00e7\u00e3o de entidades&#8230;  <a class=\"excerpt-read-more\" href=\"https:\/\/www.fetagrs.org.br\/?page_id=15\" title=\"Read Sobre\">Leia mais &raquo;<\/a><\/p>\n","protected":false},"author":4,"featured_media":0,"parent":13,"menu_order":20,"comment_status":"closed","ping_status":"closed","template":"page-sobre.php","meta":{"footnotes":"","_links_to":"","_links_to_target":""},"class_list":["post-15","page","type-page","status-publish","hentry"],"yoast_head":"<!-- This site is optimized with the Yoast SEO plugin v26.8 - https:\/\/yoast.com\/product\/yoast-seo-wordpress\/ -->\n<title>Sobre - FETAG-RS<\/title>\n<meta name=\"robots\" content=\"index, follow, max-snippet:-1, max-image-preview:large, max-video-preview:-1\" \/>\n<link rel=\"canonical\" href=\"https:\/\/www.fetagrs.org.br\/?page_id=15\" \/>\n<meta property=\"og:locale\" content=\"pt_BR\" \/>\n<meta property=\"og:type\" content=\"article\" \/>\n<meta property=\"og:title\" content=\"Sobre - FETAG-RS\" \/>\n<meta property=\"og:description\" content=\"Federa\u00e7\u00e3o dos Trabalhadores na Agricultura no Rio Grande do Sul \u2013 FETAG-RS A FETAG-RS fundada em 06 de outubro de 1963 traz em sua hist\u00f3ria uma bagagem de lutas e conquistas em prol da agricultura e pecu\u00e1ria familiar. A Frente Agr\u00e1ria Ga\u00facha \u2013 FAG que iniciou a mobiliza\u00e7\u00e3o de agricultores para a forma\u00e7\u00e3o de entidades... Leia mais &raquo;\" \/>\n<meta property=\"og:url\" content=\"https:\/\/www.fetagrs.org.br\/?page_id=15\" \/>\n<meta property=\"og:site_name\" content=\"FETAG-RS\" \/>\n<meta property=\"article:publisher\" content=\"https:\/\/www.facebook.com\/fetagrs\" \/>\n<meta property=\"article:modified_time\" content=\"2023-04-13T13:24:48+00:00\" \/>\n<meta name=\"twitter:card\" content=\"summary_large_image\" \/>\n<script type=\"application\/ld+json\" class=\"yoast-schema-graph\">{\"@context\":\"https:\/\/schema.org\",\"@graph\":[{\"@type\":\"WebPage\",\"@id\":\"https:\/\/www.fetagrs.org.br\/?page_id=15\",\"url\":\"https:\/\/www.fetagrs.org.br\/?page_id=15\",\"name\":\"Sobre - FETAG-RS\",\"isPartOf\":{\"@id\":\"https:\/\/www.fetagrs.org.br\/#website\"},\"datePublished\":\"2019-11-18T23:32:40+00:00\",\"dateModified\":\"2023-04-13T13:24:48+00:00\",\"breadcrumb\":{\"@id\":\"https:\/\/www.fetagrs.org.br\/?page_id=15#breadcrumb\"},\"inLanguage\":\"pt-BR\",\"potentialAction\":[{\"@type\":\"ReadAction\",\"target\":[\"https:\/\/www.fetagrs.org.br\/?page_id=15\"]}]},{\"@type\":\"BreadcrumbList\",\"@id\":\"https:\/\/www.fetagrs.org.br\/?page_id=15#breadcrumb\",\"itemListElement\":[{\"@type\":\"ListItem\",\"position\":1,\"name\":\"In\u00edcio\",\"item\":\"https:\/\/www.fetagrs.org.br\/\"},{\"@type\":\"ListItem\",\"position\":2,\"name\":\"A FETAG-RS\",\"item\":\"https:\/\/www.fetagrs.org.br\/?page_id=13\"},{\"@type\":\"ListItem\",\"position\":3,\"name\":\"Sobre\"}]},{\"@type\":\"WebSite\",\"@id\":\"https:\/\/www.fetagrs.org.br\/#website\",\"url\":\"https:\/\/www.fetagrs.org.br\/\",\"name\":\"FETAG-RS\",\"description\":\"Federa\u00e7\u00e3o dos Trabalhadores na Agricultura no RS\",\"publisher\":{\"@id\":\"https:\/\/www.fetagrs.org.br\/#organization\"},\"potentialAction\":[{\"@type\":\"SearchAction\",\"target\":{\"@type\":\"EntryPoint\",\"urlTemplate\":\"https:\/\/www.fetagrs.org.br\/?s={search_term_string}\"},\"query-input\":{\"@type\":\"PropertyValueSpecification\",\"valueRequired\":true,\"valueName\":\"search_term_string\"}}],\"inLanguage\":\"pt-BR\"},{\"@type\":\"Organization\",\"@id\":\"https:\/\/www.fetagrs.org.br\/#organization\",\"name\":\"Federa\u00e7\u00e3o dos Trabalhadores na Agricultura no Rio Grande do Sul\",\"url\":\"https:\/\/www.fetagrs.org.br\/\",\"logo\":{\"@type\":\"ImageObject\",\"inLanguage\":\"pt-BR\",\"@id\":\"https:\/\/www.fetagrs.org.br\/#\/schema\/logo\/image\/\",\"url\":\"http:\/\/fetagrs.org.br\/wp-content\/uploads\/2020\/12\/FETAG-RS.jpg\",\"contentUrl\":\"http:\/\/fetagrs.org.br\/wp-content\/uploads\/2020\/12\/FETAG-RS.jpg\",\"width\":561,\"height\":598,\"caption\":\"Federa\u00e7\u00e3o dos Trabalhadores na Agricultura no Rio Grande do Sul\"},\"image\":{\"@id\":\"https:\/\/www.fetagrs.org.br\/#\/schema\/logo\/image\/\"},\"sameAs\":[\"https:\/\/www.facebook.com\/fetagrs\",\"https:\/\/www.instagram.com\/fetagrs\/\",\"https:\/\/www.youtube.com\/c\/TVFETAGRS\/featured\"]}]}<\/script>\n<!-- \/ Yoast SEO plugin. -->","yoast_head_json":{"title":"Sobre - FETAG-RS","robots":{"index":"index","follow":"follow","max-snippet":"max-snippet:-1","max-image-preview":"max-image-preview:large","max-video-preview":"max-video-preview:-1"},"canonical":"https:\/\/www.fetagrs.org.br\/?page_id=15","og_locale":"pt_BR","og_type":"article","og_title":"Sobre - FETAG-RS","og_description":"Federa\u00e7\u00e3o dos Trabalhadores na Agricultura no Rio Grande do Sul \u2013 FETAG-RS A FETAG-RS fundada em 06 de outubro de 1963 traz em sua hist\u00f3ria uma bagagem de lutas e conquistas em prol da agricultura e pecu\u00e1ria familiar. A Frente Agr\u00e1ria Ga\u00facha \u2013 FAG que iniciou a mobiliza\u00e7\u00e3o de agricultores para a forma\u00e7\u00e3o de entidades... Leia mais &raquo;","og_url":"https:\/\/www.fetagrs.org.br\/?page_id=15","og_site_name":"FETAG-RS","article_publisher":"https:\/\/www.facebook.com\/fetagrs","article_modified_time":"2023-04-13T13:24:48+00:00","twitter_card":"summary_large_image","schema":{"@context":"https:\/\/schema.org","@graph":[{"@type":"WebPage","@id":"https:\/\/www.fetagrs.org.br\/?page_id=15","url":"https:\/\/www.fetagrs.org.br\/?page_id=15","name":"Sobre - FETAG-RS","isPartOf":{"@id":"https:\/\/www.fetagrs.org.br\/#website"},"datePublished":"2019-11-18T23:32:40+00:00","dateModified":"2023-04-13T13:24:48+00:00","breadcrumb":{"@id":"https:\/\/www.fetagrs.org.br\/?page_id=15#breadcrumb"},"inLanguage":"pt-BR","potentialAction":[{"@type":"ReadAction","target":["https:\/\/www.fetagrs.org.br\/?page_id=15"]}]},{"@type":"BreadcrumbList","@id":"https:\/\/www.fetagrs.org.br\/?page_id=15#breadcrumb","itemListElement":[{"@type":"ListItem","position":1,"name":"In\u00edcio","item":"https:\/\/www.fetagrs.org.br\/"},{"@type":"ListItem","position":2,"name":"A FETAG-RS","item":"https:\/\/www.fetagrs.org.br\/?page_id=13"},{"@type":"ListItem","position":3,"name":"Sobre"}]},{"@type":"WebSite","@id":"https:\/\/www.fetagrs.org.br\/#website","url":"https:\/\/www.fetagrs.org.br\/","name":"FETAG-RS","description":"Federa\u00e7\u00e3o dos Trabalhadores na Agricultura no RS","publisher":{"@id":"https:\/\/www.fetagrs.org.br\/#organization"},"potentialAction":[{"@type":"SearchAction","target":{"@type":"EntryPoint","urlTemplate":"https:\/\/www.fetagrs.org.br\/?s={search_term_string}"},"query-input":{"@type":"PropertyValueSpecification","valueRequired":true,"valueName":"search_term_string"}}],"inLanguage":"pt-BR"},{"@type":"Organization","@id":"https:\/\/www.fetagrs.org.br\/#organization","name":"Federa\u00e7\u00e3o dos Trabalhadores na Agricultura no Rio Grande do Sul","url":"https:\/\/www.fetagrs.org.br\/","logo":{"@type":"ImageObject","inLanguage":"pt-BR","@id":"https:\/\/www.fetagrs.org.br\/#\/schema\/logo\/image\/","url":"http:\/\/fetagrs.org.br\/wp-content\/uploads\/2020\/12\/FETAG-RS.jpg","contentUrl":"http:\/\/fetagrs.org.br\/wp-content\/uploads\/2020\/12\/FETAG-RS.jpg","width":561,"height":598,"caption":"Federa\u00e7\u00e3o dos Trabalhadores na Agricultura no Rio Grande do Sul"},"image":{"@id":"https:\/\/www.fetagrs.org.br\/#\/schema\/logo\/image\/"},"sameAs":["https:\/\/www.facebook.com\/fetagrs","https:\/\/www.instagram.com\/fetagrs\/","https:\/\/www.youtube.com\/c\/TVFETAGRS\/featured"]}]}},"_links":{"self":[{"href":"https:\/\/www.fetagrs.org.br\/index.php?rest_route=\/wp\/v2\/pages\/15","targetHints":{"allow":["GET"]}}],"collection":[{"href":"https:\/\/www.fetagrs.org.br\/index.php?rest_route=\/wp\/v2\/pages"}],"about":[{"href":"https:\/\/www.fetagrs.org.br\/index.php?rest_route=\/wp\/v2\/types\/page"}],"author":[{"embeddable":true,"href":"https:\/\/www.fetagrs.org.br\/index.php?rest_route=\/wp\/v2\/users\/4"}],"replies":[{"embeddable":true,"href":"https:\/\/www.fetagrs.org.br\/index.php?rest_route=%2Fwp%2Fv2%2Fcomments&post=15"}],"version-history":[{"count":15,"href":"https:\/\/www.fetagrs.org.br\/index.php?rest_route=\/wp\/v2\/pages\/15\/revisions"}],"predecessor-version":[{"id":50234,"href":"https:\/\/www.fetagrs.org.br\/index.php?rest_route=\/wp\/v2\/pages\/15\/revisions\/50234"}],"up":[{"embeddable":true,"href":"https:\/\/www.fetagrs.org.br\/index.php?rest_route=\/wp\/v2\/pages\/13"}],"wp:attachment":[{"href":"https:\/\/www.fetagrs.org.br\/index.php?rest_route=%2Fwp%2Fv2%2Fmedia&parent=15"}],"curies":[{"name":"wp","href":"https:\/\/api.w.org\/{rel}","templated":true}]}}

<h1><span style="font-family: arial, helvetica, sans-serif; font-size: 16px;"><strong>Federação dos Trabalhadores na Agricultura no Rio Grande do Sul – FETAG-RS</strong></span></h1>
<p align="justify"><span style="font-size: 12pt; font-family: arial, helvetica, sans-serif;">A FETAG-RS fundada em 06 de outubro de 1963 traz em sua história uma bagagem de lutas e conquistas em prol da agricultura e pecuária familiar. A Frente Agrária Gaúcha – FAG que iniciou a mobilização de agricultores para a formação de entidades de representação no Estado, foi a propulsora para a criação da Federação.</span></p>
<p align="justify"><span style="font-size: 12pt; font-family: arial, helvetica, sans-serif;">A Federação entidade sindical de segundo grau foi criada para defender os agricultores familiares, ao longo de sua história reuniu também em sua representação os pecuaristas familiares. Estas categorias em trabalho conjunto com os Sindicatos de Trabalhadores Rurais, a FETAG-RS e a Confederação Nacional dos Trabalhadores na Agricultura – CONTAG, levantaram bandeiras de lutas essenciais para o desenvolvimento do meio rural, a criação de políticas públicas de sustentabilidade e benefícios que garantiram a permanência das famílias no campo.</span></p>
<p align="justify"><span style="font-size: 12pt; font-family: arial, helvetica, sans-serif;">Uma caminhada que colheu e colhe bons frutos. Atualmente a FETAG-RS está localizada em Porto Alegre/RS e têm em seu quadro social 315 Sindicatos dos Trabalhadores Rurais filiados, com suas extensões de base chega a cerca de 450 municípios de abrangência com atuação do Movimento Sindical, estes divididos em 23 Regionais Sindicais, sendo aproximadamente 200 mil associados(as).</span></p>
<p align="justify"><span style="font-size: 12pt; font-family: arial, helvetica, sans-serif;">A FETAG-RS conquistou o reconhecimento da sociedade estadual e nacional frente as batalhas que travou para defender a categoria. Foram muitas as bandeiras de luta conquistadas, entre elas a garantia de acesso aos benefícios previdenciários (aposentadoria, auxílio-doença, auxílio-maternidade, entre outros); a criação do Programa Nacional de Fortalecimento da Agricultura Familiar – PRONAF, do Programa de Aquisição de Alimentos – PAA e o Programa Nacional de Crédito Fundiário – PNCF, além de garantir crédito para a juventude rural, projetos de habitação rural através da Cooperativa Habitacional da Agricultura Familiar – COOHAF, alterações na legislação ambiental, entre outros.</span></p>
<p style="text-align: center;" align="justify"><span style="font-family: arial, helvetica, sans-serif; font-size: 12pt;"><strong>Missão da FETAG-RS</strong></span></p>
<p style="text-align: center;" align="justify"><span style="font-family: arial, helvetica, sans-serif; font-size: 12pt;"><em>“Coordenar e mobilizar a categoria dos trabalhadores rurais, a partir dos problemas sentidos e vividos, centrando a ação na construção de um modelo alternativo de desenvolvimento, tendo presente a organização e o crescimento da consciência de classe, cujo objetivo é uma sociedade mais justa e igualitária”</em></span></p>
<p align="left">

<p>Federação dos Trabalhadores na Agricultura no Rio Grande do Sul – FETAG-RS A FETAG-RS fundada em 06 de outubro de 1963 traz em sua história uma bagagem de lutas e conquistas em prol da agricultura e pecuária familiar. A Frente Agrária Gaúcha – FAG que iniciou a mobilização de agricultores para a formação de entidades&#8230;  <a class="excerpt-read-more" href="https://www.fetagrs.org.br/?page_id=15" title="Read Sobre">Leia mais &raquo;</a></p>

<!-- This site is optimized with the Yoast SEO plugin v26.8 - https://yoast.com/product/yoast-seo-wordpress/ -->
<title>Sobre - FETAG-RS</title>
<meta name="robots" content="index, follow, max-snippet:-1, max-image-preview:large, max-video-preview:-1" />
<link rel="canonical" href="https://www.fetagrs.org.br/?page_id=15" />
<meta property="og:locale" content="pt_BR" />
<meta property="og:type" content="article" />
<meta property="og:title" content="Sobre - FETAG-RS" />
<meta property="og:description" content="Federação dos Trabalhadores na Agricultura no Rio Grande do Sul – FETAG-RS A FETAG-RS fundada em 06 de outubro de 1963 traz em sua história uma bagagem de lutas e conquistas em prol da agricultura e pecuária familiar. A Frente Agrária Gaúcha – FAG que iniciou a mobilização de agricultores para a formação de entidades... Leia mais &raquo;" />
<meta property="og:url" content="https://www.fetagrs.org.br/?page_id=15" />
<meta property="og:site_name" content="FETAG-RS" />
<meta property="article:publisher" content="https://www.facebook.com/fetagrs" />
<meta property="article:modified_time" content="2023-04-13T13:24:48+00:00" />
<meta name="twitter:card" content="summary_large_image" />
<script type="application/ld+json" class="yoast-schema-graph">{"@context":"https://schema.org","@graph":[{"@type":"WebPage","@id":"https://www.fetagrs.org.br/?page_id=15","url":"https://www.fetagrs.org.br/?page_id=15","name":"Sobre - FETAG-RS","isPartOf":{"@id":"https://www.fetagrs.org.br/#website"},"datePublished":"2019-11-18T23:32:40+00:00","dateModified":"2023-04-13T13:24:48+00:00","breadcrumb":{"@id":"https://www.fetagrs.org.br/?page_id=15#breadcrumb"},"inLanguage":"pt-BR","potentialAction":[{"@type":"ReadAction","target":["https://www.fetagrs.org.br/?page_id=15"]}]},{"@type":"BreadcrumbList","@id":"https://www.fetagrs.org.br/?page_id=15#breadcrumb","itemListElement":[{"@type":"ListItem","position":1,"name":"Início","item":"https://www.fetagrs.org.br/"},{"@type":"ListItem","position":2,"name":"A FETAG-RS","item":"https://www.fetagrs.org.br/?page_id=13"},{"@type":"ListItem","position":3,"name":"Sobre"}]},{"@type":"WebSite","@id":"https://www.fetagrs.org.br/#website","url":"https://www.fetagrs.org.br/","name":"FETAG-RS","description":"Federação dos Trabalhadores na Agricultura no RS","publisher":{"@id":"https://www.fetagrs.org.br/#organization"},"potentialAction":[{"@type":"SearchAction","target":{"@type":"EntryPoint","urlTemplate":"https://www.fetagrs.org.br/?s={search_term_string}"},"query-input":{"@type":"PropertyValueSpecification","valueRequired":true,"valueName":"search_term_string"}}],"inLanguage":"pt-BR"},{"@type":"Organization","@id":"https://www.fetagrs.org.br/#organization","name":"Federação dos Trabalhadores na Agricultura no Rio Grande do Sul","url":"https://www.fetagrs.org.br/","logo":{"@type":"ImageObject","inLanguage":"pt-BR","@id":"https://www.fetagrs.org.br/#/schema/logo/image/","url":"http://fetagrs.org.br/wp-content/uploads/2020/12/FETAG-RS.jpg","contentUrl":"http://fetagrs.org.br/wp-content/uploads/2020/12/FETAG-RS.jpg","width":561,"height":598,"caption":"Federação dos Trabalhadores na Agricultura no Rio Grande do Sul"},"image":{"@id":"https://www.fetagrs.org.br/#/schema/logo/image/"},"sameAs":["https://www.facebook.com/fetagrs","https://www.instagram.com/fetagrs/","https://www.youtube.com/c/TVFETAGRS/featured"]}]}</script>
<!-- / Yoast SEO plugin. -->

Federação dos Trabalhadores na Agricultura no Rio Grande do Sul – FETAG-RS A FETAG-RS fundada em 06 de outubro de 1963 traz em sua história uma bagagem de lutas e conquistas em prol da agricultura e pecuária familiar. A Frente Agrária Gaúcha – FAG que iniciou a mobilização de agricultores para a formação de entidades... Leia mais &raquo;

Início

Federação dos Trabalhadores na Agricultura no RS

Federação dos Trabalhadores na Agricultura no Rio Grande do Sul
