{"id":399,"date":"2020-07-19T09:31:31","date_gmt":"2020-07-19T12:31:31","guid":{"rendered":"http:\/\/ondawebhost3.com.br\/fetag\/?post_type=historia&#038;p=399"},"modified":"2021-01-08T11:08:19","modified_gmt":"2021-01-08T14:08:19","slug":"2016-a-2019-a-consolidacao-da-forca-do-movimento-sindical","status":"publish","type":"historia","link":"https:\/\/www.fetagrs.org.br\/?historia=2016-a-2019-a-consolidacao-da-forca-do-movimento-sindical","title":{"rendered":"2016 a 2019 \u2013 A consolida\u00e7\u00e3o da for\u00e7a do Movimento Sindical"},"content":{"rendered":"<p>&#8211; Fetag inova e cria curso de forma\u00e7\u00e3o a dist\u00e2ncia em parceria com ENFOC- Escola Nacional de Forma\u00e7\u00e3o da CONTAG e Sindicato de Santo Ant\u00f4nio da Patrulha<br \/>\n&#8211; Luta e conquista pela prorroga\u00e7\u00e3o do CAR \u2013 Cadastro Ambiental Rural<br \/>\n&#8211; Acontece o 5\u00ba Curso Estadual da ENFOC em Santa Cruz do Sul em 2016<br \/>\n&#8211; Reforma da previd\u00eancia come\u00e7a a ser articulada pelo Governo, Fetag e sindicatos se mobilizam. Momento da apresenta\u00e7\u00e3o do projeto na C\u00e2mara dos Deputados ocorrem 50 manifesta\u00e7\u00f5es pelo interior do Estado.<br \/>\n&#8211; Aprova\u00e7\u00e3o de mudan\u00e7as no Programa Nacional de Cr\u00e9dito Fundi\u00e1rio pelo Congresso e depois de v\u00e1rios anos de luta, PNCF inicia operacionaliza\u00e7\u00e3o.<br \/>\n&#8211; Fetag defende o n\u00e3o fechamento das escolas do campo<br \/>\n&#8211; Iniciamos o ano de 2017 com grandes mobiliza\u00e7\u00f5es contra a reforma da previd\u00eancia com mais de 12 mil agricultores em Santa Cruz do Sul e 12 mil em Santa Rosa. Logo depois em abril as mobiliza\u00e7\u00f5es continuam&#8230;<br \/>\n&#8211; Fetag organiza treinamentos pela melhoria e amplia\u00e7\u00e3o do COBAN nos sindicatos<br \/>\n&#8211; Fetag discute a import\u00e2ncia do movimento sindical atuar na ATER \u2013 Assist\u00eancia T\u00e9cnica e Extens\u00e3o Rural, culminando com Semin\u00e1rio Estadual.<br \/>\n&#8211; Energias renov\u00e1veis \u00e9 debate na FETAG<br \/>\n&#8211; Crise do leite leva Fetag organizar diversas mobiliza\u00e7\u00f5es pelo interior do Estado, inclusive com o fechamento da Ponte Internacional em Jaguar\u00e3o<br \/>\n&#8211; Agroind\u00fastrias familiares exigem mudan\u00e7a na legisla\u00e7\u00e3o para produ\u00e7\u00e3o artesanal de alimentos<br \/>\n&#8211; Acontece o XI Congresso da FETAG em 2018.<br \/>\n&#8211; Fetag organiza o Curso Estadual ENFOC Jovem descentralizado<br \/>\n&#8211; Capacita\u00e7\u00e3o de agroind\u00fastrias familiares<br \/>\n&#8211; Fetag apresenta projeto de Recupera\u00e7\u00e3o de Biomas<br \/>\n&#8211; Forte debate sobre INSS digital e CAEPF<br \/>\n&#8211; Forte debate sobre rastreabilidade dos hortifrutigranjeiros<br \/>\n&#8211; Luta contra a Reforma da Previd\u00eancia, com a conquista pela manuten\u00e7\u00e3o dos direitos<br \/>\n&#8211; Conquista do Pronaf Habita\u00e7\u00e3o<\/p>\n","protected":false},"featured_media":0,"template":"","meta":{"_links_to":"","_links_to_target":""},"class_list":["post-399","historia","type-historia","status-publish","hentry"],"yoast_head":"<!-- This site is optimized with the Yoast SEO plugin v26.8 - https:\/\/yoast.com\/product\/yoast-seo-wordpress\/ -->\n<title>2016 a 2019 \u2013 A consolida\u00e7\u00e3o da for\u00e7a do Movimento Sindical - FETAG-RS<\/title>\n<meta name=\"robots\" content=\"index, follow, max-snippet:-1, max-image-preview:large, max-video-preview:-1\" \/>\n<link rel=\"canonical\" href=\"https:\/\/www.fetagrs.org.br\/?historia=2016-a-2019-a-consolidacao-da-forca-do-movimento-sindical\" \/>\n<meta property=\"og:locale\" content=\"pt_BR\" \/>\n<meta property=\"og:type\" content=\"article\" \/>\n<meta property=\"og:title\" content=\"2016 a 2019 \u2013 A consolida\u00e7\u00e3o da for\u00e7a do Movimento Sindical - FETAG-RS\" \/>\n<meta property=\"og:description\" content=\"&#8211; Fetag inova e cria curso de forma\u00e7\u00e3o a dist\u00e2ncia em parceria com ENFOC- Escola Nacional de Forma\u00e7\u00e3o da CONTAG e Sindicato de Santo Ant\u00f4nio da Patrulha &#8211; Luta e conquista pela prorroga\u00e7\u00e3o do CAR \u2013 Cadastro Ambiental Rural &#8211; Acontece o 5\u00ba Curso Estadual da ENFOC em Santa Cruz do Sul em 2016 &#8211;... Leia mais &raquo;\" \/>\n<meta property=\"og:url\" content=\"https:\/\/www.fetagrs.org.br\/?historia=2016-a-2019-a-consolidacao-da-forca-do-movimento-sindical\" \/>\n<meta property=\"og:site_name\" content=\"FETAG-RS\" \/>\n<meta property=\"article:publisher\" content=\"https:\/\/www.facebook.com\/fetagrs\" \/>\n<meta property=\"article:modified_time\" content=\"2021-01-08T14:08:19+00:00\" \/>\n<meta name=\"twitter:card\" content=\"summary_large_image\" \/>\n<script type=\"application\/ld+json\" class=\"yoast-schema-graph\">{\"@context\":\"https:\/\/schema.org\",\"@graph\":[{\"@type\":\"WebPage\",\"@id\":\"https:\/\/www.fetagrs.org.br\/?historia=2016-a-2019-a-consolidacao-da-forca-do-movimento-sindical\",\"url\":\"https:\/\/www.fetagrs.org.br\/?historia=2016-a-2019-a-consolidacao-da-forca-do-movimento-sindical\",\"name\":\"2016 a 2019 \u2013 A consolida\u00e7\u00e3o da for\u00e7a do Movimento Sindical - FETAG-RS\",\"isPartOf\":{\"@id\":\"https:\/\/www.fetagrs.org.br\/#website\"},\"datePublished\":\"2020-07-19T12:31:31+00:00\",\"dateModified\":\"2021-01-08T14:08:19+00:00\",\"breadcrumb\":{\"@id\":\"https:\/\/www.fetagrs.org.br\/?historia=2016-a-2019-a-consolidacao-da-forca-do-movimento-sindical#breadcrumb\"},\"inLanguage\":\"pt-BR\",\"potentialAction\":[{\"@type\":\"ReadAction\",\"target\":[\"https:\/\/www.fetagrs.org.br\/?historia=2016-a-2019-a-consolidacao-da-forca-do-movimento-sindical\"]}]},{\"@type\":\"BreadcrumbList\",\"@id\":\"https:\/\/www.fetagrs.org.br\/?historia=2016-a-2019-a-consolidacao-da-forca-do-movimento-sindical#breadcrumb\",\"itemListElement\":[{\"@type\":\"ListItem\",\"position\":1,\"name\":\"In\u00edcio\",\"item\":\"https:\/\/www.fetagrs.org.br\/\"},{\"@type\":\"ListItem\",\"position\":2,\"name\":\"2016 a 2019 \u2013 A consolida\u00e7\u00e3o da for\u00e7a do Movimento Sindical\"}]},{\"@type\":\"WebSite\",\"@id\":\"https:\/\/www.fetagrs.org.br\/#website\",\"url\":\"https:\/\/www.fetagrs.org.br\/\",\"name\":\"FETAG-RS\",\"description\":\"Federa\u00e7\u00e3o dos Trabalhadores na Agricultura no RS\",\"publisher\":{\"@id\":\"https:\/\/www.fetagrs.org.br\/#organization\"},\"potentialAction\":[{\"@type\":\"SearchAction\",\"target\":{\"@type\":\"EntryPoint\",\"urlTemplate\":\"https:\/\/www.fetagrs.org.br\/?s={search_term_string}\"},\"query-input\":{\"@type\":\"PropertyValueSpecification\",\"valueRequired\":true,\"valueName\":\"search_term_string\"}}],\"inLanguage\":\"pt-BR\"},{\"@type\":\"Organization\",\"@id\":\"https:\/\/www.fetagrs.org.br\/#organization\",\"name\":\"Federa\u00e7\u00e3o dos Trabalhadores na Agricultura no Rio Grande do Sul\",\"url\":\"https:\/\/www.fetagrs.org.br\/\",\"logo\":{\"@type\":\"ImageObject\",\"inLanguage\":\"pt-BR\",\"@id\":\"https:\/\/www.fetagrs.org.br\/#\/schema\/logo\/image\/\",\"url\":\"http:\/\/fetagrs.org.br\/wp-content\/uploads\/2020\/12\/FETAG-RS.jpg\",\"contentUrl\":\"http:\/\/fetagrs.org.br\/wp-content\/uploads\/2020\/12\/FETAG-RS.jpg\",\"width\":561,\"height\":598,\"caption\":\"Federa\u00e7\u00e3o dos Trabalhadores na Agricultura no Rio Grande do Sul\"},\"image\":{\"@id\":\"https:\/\/www.fetagrs.org.br\/#\/schema\/logo\/image\/\"},\"sameAs\":[\"https:\/\/www.facebook.com\/fetagrs\",\"https:\/\/www.instagram.com\/fetagrs\/\",\"https:\/\/www.youtube.com\/c\/TVFETAGRS\/featured\"]}]}<\/script>\n<!-- \/ Yoast SEO plugin. -->","yoast_head_json":{"title":"2016 a 2019 \u2013 A consolida\u00e7\u00e3o da for\u00e7a do Movimento Sindical - FETAG-RS","robots":{"index":"index","follow":"follow","max-snippet":"max-snippet:-1","max-image-preview":"max-image-preview:large","max-video-preview":"max-video-preview:-1"},"canonical":"https:\/\/www.fetagrs.org.br\/?historia=2016-a-2019-a-consolidacao-da-forca-do-movimento-sindical","og_locale":"pt_BR","og_type":"article","og_title":"2016 a 2019 \u2013 A consolida\u00e7\u00e3o da for\u00e7a do Movimento Sindical - FETAG-RS","og_description":"&#8211; Fetag inova e cria curso de forma\u00e7\u00e3o a dist\u00e2ncia em parceria com ENFOC- Escola Nacional de Forma\u00e7\u00e3o da CONTAG e Sindicato de Santo Ant\u00f4nio da Patrulha &#8211; Luta e conquista pela prorroga\u00e7\u00e3o do CAR \u2013 Cadastro Ambiental Rural &#8211; Acontece o 5\u00ba Curso Estadual da ENFOC em Santa Cruz do Sul em 2016 &#8211;... Leia mais &raquo;","og_url":"https:\/\/www.fetagrs.org.br\/?historia=2016-a-2019-a-consolidacao-da-forca-do-movimento-sindical","og_site_name":"FETAG-RS","article_publisher":"https:\/\/www.facebook.com\/fetagrs","article_modified_time":"2021-01-08T14:08:19+00:00","twitter_card":"summary_large_image","schema":{"@context":"https:\/\/schema.org","@graph":[{"@type":"WebPage","@id":"https:\/\/www.fetagrs.org.br\/?historia=2016-a-2019-a-consolidacao-da-forca-do-movimento-sindical","url":"https:\/\/www.fetagrs.org.br\/?historia=2016-a-2019-a-consolidacao-da-forca-do-movimento-sindical","name":"2016 a 2019 \u2013 A consolida\u00e7\u00e3o da for\u00e7a do Movimento Sindical - FETAG-RS","isPartOf":{"@id":"https:\/\/www.fetagrs.org.br\/#website"},"datePublished":"2020-07-19T12:31:31+00:00","dateModified":"2021-01-08T14:08:19+00:00","breadcrumb":{"@id":"https:\/\/www.fetagrs.org.br\/?historia=2016-a-2019-a-consolidacao-da-forca-do-movimento-sindical#breadcrumb"},"inLanguage":"pt-BR","potentialAction":[{"@type":"ReadAction","target":["https:\/\/www.fetagrs.org.br\/?historia=2016-a-2019-a-consolidacao-da-forca-do-movimento-sindical"]}]},{"@type":"BreadcrumbList","@id":"https:\/\/www.fetagrs.org.br\/?historia=2016-a-2019-a-consolidacao-da-forca-do-movimento-sindical#breadcrumb","itemListElement":[{"@type":"ListItem","position":1,"name":"In\u00edcio","item":"https:\/\/www.fetagrs.org.br\/"},{"@type":"ListItem","position":2,"name":"2016 a 2019 \u2013 A consolida\u00e7\u00e3o da for\u00e7a do Movimento Sindical"}]},{"@type":"WebSite","@id":"https:\/\/www.fetagrs.org.br\/#website","url":"https:\/\/www.fetagrs.org.br\/","name":"FETAG-RS","description":"Federa\u00e7\u00e3o dos Trabalhadores na Agricultura no RS","publisher":{"@id":"https:\/\/www.fetagrs.org.br\/#organization"},"potentialAction":[{"@type":"SearchAction","target":{"@type":"EntryPoint","urlTemplate":"https:\/\/www.fetagrs.org.br\/?s={search_term_string}"},"query-input":{"@type":"PropertyValueSpecification","valueRequired":true,"valueName":"search_term_string"}}],"inLanguage":"pt-BR"},{"@type":"Organization","@id":"https:\/\/www.fetagrs.org.br\/#organization","name":"Federa\u00e7\u00e3o dos Trabalhadores na Agricultura no Rio Grande do Sul","url":"https:\/\/www.fetagrs.org.br\/","logo":{"@type":"ImageObject","inLanguage":"pt-BR","@id":"https:\/\/www.fetagrs.org.br\/#\/schema\/logo\/image\/","url":"http:\/\/fetagrs.org.br\/wp-content\/uploads\/2020\/12\/FETAG-RS.jpg","contentUrl":"http:\/\/fetagrs.org.br\/wp-content\/uploads\/2020\/12\/FETAG-RS.jpg","width":561,"height":598,"caption":"Federa\u00e7\u00e3o dos Trabalhadores na Agricultura no Rio Grande do Sul"},"image":{"@id":"https:\/\/www.fetagrs.org.br\/#\/schema\/logo\/image\/"},"sameAs":["https:\/\/www.facebook.com\/fetagrs","https:\/\/www.instagram.com\/fetagrs\/","https:\/\/www.youtube.com\/c\/TVFETAGRS\/featured"]}]}},"_links":{"self":[{"href":"https:\/\/www.fetagrs.org.br\/index.php?rest_route=\/wp\/v2\/historia\/399","targetHints":{"allow":["GET"]}}],"collection":[{"href":"https:\/\/www.fetagrs.org.br\/index.php?rest_route=\/wp\/v2\/historia"}],"about":[{"href":"https:\/\/www.fetagrs.org.br\/index.php?rest_route=\/wp\/v2\/types\/historia"}],"wp:attachment":[{"href":"https:\/\/www.fetagrs.org.br\/index.php?rest_route=%2Fwp%2Fv2%2Fmedia&parent=399"}],"curies":[{"name":"wp","href":"https:\/\/api.w.org\/{rel}","templated":true}]}}

2016 a 2019 – A consolidação da força do Movimento Sindical

<p>&#8211; Fetag inova e cria curso de formação a distância em parceria com ENFOC- Escola Nacional de Formação da CONTAG e Sindicato de Santo Antônio da Patrulha<br />
&#8211; Luta e conquista pela prorrogação do CAR – Cadastro Ambiental Rural<br />
&#8211; Acontece o 5º Curso Estadual da ENFOC em Santa Cruz do Sul em 2016<br />
&#8211; Reforma da previdência começa a ser articulada pelo Governo, Fetag e sindicatos se mobilizam. Momento da apresentação do projeto na Câmara dos Deputados ocorrem 50 manifestações pelo interior do Estado.<br />
&#8211; Aprovação de mudanças no Programa Nacional de Crédito Fundiário pelo Congresso e depois de vários anos de luta, PNCF inicia operacionalização.<br />
&#8211; Fetag defende o não fechamento das escolas do campo<br />
&#8211; Iniciamos o ano de 2017 com grandes mobilizações contra a reforma da previdência com mais de 12 mil agricultores em Santa Cruz do Sul e 12 mil em Santa Rosa. Logo depois em abril as mobilizações continuam&#8230;<br />
&#8211; Fetag organiza treinamentos pela melhoria e ampliação do COBAN nos sindicatos<br />
&#8211; Fetag discute a importância do movimento sindical atuar na ATER – Assistência Técnica e Extensão Rural, culminando com Seminário Estadual.<br />
&#8211; Energias renováveis é debate na FETAG<br />
&#8211; Crise do leite leva Fetag organizar diversas mobilizações pelo interior do Estado, inclusive com o fechamento da Ponte Internacional em Jaguarão<br />
&#8211; Agroindústrias familiares exigem mudança na legislação para produção artesanal de alimentos<br />
&#8211; Acontece o XI Congresso da FETAG em 2018.<br />
&#8211; Fetag organiza o Curso Estadual ENFOC Jovem descentralizado<br />
&#8211; Capacitação de agroindústrias familiares<br />
&#8211; Fetag apresenta projeto de Recuperação de Biomas<br />
&#8211; Forte debate sobre INSS digital e CAEPF<br />
&#8211; Forte debate sobre rastreabilidade dos hortifrutigranjeiros<br />
&#8211; Luta contra a Reforma da Previdência, com a conquista pela manutenção dos direitos<br />
&#8211; Conquista do Pronaf Habitação</p>

<!-- This site is optimized with the Yoast SEO plugin v26.8 - https://yoast.com/product/yoast-seo-wordpress/ -->
<title>2016 a 2019 – A consolidação da força do Movimento Sindical - FETAG-RS</title>
<meta name="robots" content="index, follow, max-snippet:-1, max-image-preview:large, max-video-preview:-1" />
<link rel="canonical" href="https://www.fetagrs.org.br/?historia=2016-a-2019-a-consolidacao-da-forca-do-movimento-sindical" />
<meta property="og:locale" content="pt_BR" />
<meta property="og:type" content="article" />
<meta property="og:title" content="2016 a 2019 – A consolidação da força do Movimento Sindical - FETAG-RS" />
<meta property="og:description" content="&#8211; Fetag inova e cria curso de formação a distância em parceria com ENFOC- Escola Nacional de Formação da CONTAG e Sindicato de Santo Antônio da Patrulha &#8211; Luta e conquista pela prorrogação do CAR – Cadastro Ambiental Rural &#8211; Acontece o 5º Curso Estadual da ENFOC em Santa Cruz do Sul em 2016 &#8211;... Leia mais &raquo;" />
<meta property="og:url" content="https://www.fetagrs.org.br/?historia=2016-a-2019-a-consolidacao-da-forca-do-movimento-sindical" />
<meta property="og:site_name" content="FETAG-RS" />
<meta property="article:publisher" content="https://www.facebook.com/fetagrs" />
<meta property="article:modified_time" content="2021-01-08T14:08:19+00:00" />
<meta name="twitter:card" content="summary_large_image" />
<script type="application/ld+json" class="yoast-schema-graph">{"@context":"https://schema.org","@graph":[{"@type":"WebPage","@id":"https://www.fetagrs.org.br/?historia=2016-a-2019-a-consolidacao-da-forca-do-movimento-sindical","url":"https://www.fetagrs.org.br/?historia=2016-a-2019-a-consolidacao-da-forca-do-movimento-sindical","name":"2016 a 2019 – A consolidação da força do Movimento Sindical - FETAG-RS","isPartOf":{"@id":"https://www.fetagrs.org.br/#website"},"datePublished":"2020-07-19T12:31:31+00:00","dateModified":"2021-01-08T14:08:19+00:00","breadcrumb":{"@id":"https://www.fetagrs.org.br/?historia=2016-a-2019-a-consolidacao-da-forca-do-movimento-sindical#breadcrumb"},"inLanguage":"pt-BR","potentialAction":[{"@type":"ReadAction","target":["https://www.fetagrs.org.br/?historia=2016-a-2019-a-consolidacao-da-forca-do-movimento-sindical"]}]},{"@type":"BreadcrumbList","@id":"https://www.fetagrs.org.br/?historia=2016-a-2019-a-consolidacao-da-forca-do-movimento-sindical#breadcrumb","itemListElement":[{"@type":"ListItem","position":1,"name":"Início","item":"https://www.fetagrs.org.br/"},{"@type":"ListItem","position":2,"name":"2016 a 2019 – A consolidação da força do Movimento Sindical"}]},{"@type":"WebSite","@id":"https://www.fetagrs.org.br/#website","url":"https://www.fetagrs.org.br/","name":"FETAG-RS","description":"Federação dos Trabalhadores na Agricultura no RS","publisher":{"@id":"https://www.fetagrs.org.br/#organization"},"potentialAction":[{"@type":"SearchAction","target":{"@type":"EntryPoint","urlTemplate":"https://www.fetagrs.org.br/?s={search_term_string}"},"query-input":{"@type":"PropertyValueSpecification","valueRequired":true,"valueName":"search_term_string"}}],"inLanguage":"pt-BR"},{"@type":"Organization","@id":"https://www.fetagrs.org.br/#organization","name":"Federação dos Trabalhadores na Agricultura no Rio Grande do Sul","url":"https://www.fetagrs.org.br/","logo":{"@type":"ImageObject","inLanguage":"pt-BR","@id":"https://www.fetagrs.org.br/#/schema/logo/image/","url":"http://fetagrs.org.br/wp-content/uploads/2020/12/FETAG-RS.jpg","contentUrl":"http://fetagrs.org.br/wp-content/uploads/2020/12/FETAG-RS.jpg","width":561,"height":598,"caption":"Federação dos Trabalhadores na Agricultura no Rio Grande do Sul"},"image":{"@id":"https://www.fetagrs.org.br/#/schema/logo/image/"},"sameAs":["https://www.facebook.com/fetagrs","https://www.instagram.com/fetagrs/","https://www.youtube.com/c/TVFETAGRS/featured"]}]}</script>
<!-- / Yoast SEO plugin. -->

2016 a 2019 – A consolidação da força do Movimento Sindical - FETAG-RS

&#8211; Fetag inova e cria curso de formação a distância em parceria com ENFOC- Escola Nacional de Formação da CONTAG e Sindicato de Santo Antônio da Patrulha &#8211; Luta e conquista pela prorrogação do CAR – Cadastro Ambiental Rural &#8211; Acontece o 5º Curso Estadual da ENFOC em Santa Cruz do Sul em 2016 &#8211;... Leia mais &raquo;

Início

Federação dos Trabalhadores na Agricultura no RS

Federação dos Trabalhadores na Agricultura no Rio Grande do Sul
